 o be b(l). Suppose o + 16 = 3*z. What is the units digit of z?
7
Suppose v = -4*c + 125, 2*c + 5*v + 88 = 5*c. What is the units digit of c?
1
Let q(x) = x**2 + 5*x + 3. Let m = -9 + 4. Let p be q(m). Suppose 0 = -7*s + p*s + 28. What is the units digit of s?
7
Let s be 4*(-2 + -3)*-2. Let n = s - 29. What is the tens digit of n?
1
Let t(a) = 3*a**2 - 3*a - 1. Suppose 3*y + j + 2*j - 9 = 0, -5*j + 33 = -4*y. What is the units digit of t(y)?
7
Let x = 10 - -3. What is the tens digit of -1 - -3 - x/(-1)?
1
Let b(y) = -2*y**2 + y + 125. Let n be b(0). Suppose -6*v + v = -n. What is the tens digit of v?
2
Let c(m) = -m**2 + 8*m - 6. Let q be (2 - (3 - 1)) + 6. What is the units digit of c(q)?
6
Let q(m) = m**3 + 4*m**2 - 5*m + 2. Let y be q(-5). Suppose -20 = -y*b + b. What is the tens digit of b?
2
Suppose 5*z - 7 = 3. Suppose -3*g + 0*g = 2*w + z, 3*w - 12 = 3*g. What is the units digit of w?
2
What is the units digit of (40/5)/1 + 1?
9
Let i = 0 + 2. Suppose -g = -i*b + 3*b + 3, -3*g - b + 1 = 0. Suppose -g*v - 1 + 11 = 0. What is the units digit of v?
5
Suppose -194 = -4*v - 30. What is the units digit of v?
1
Let p(h) = -5*h**3 + h**2 + h. Let d be p(-1). Suppose -d*z = -z - 72. What is the units digit of z?
8
Let q = 52 + -35. What is the units digit of q?
7
Let a = -12 - -19. Suppose 2*g = -b - a, -g + 5*b = g + 37. What is the units digit of -6*-1*(-9)/g?
9
Suppose 0 = -2*b - 2*b - 16. What is the units digit of 1 + 7 - (b + 3)?
9
What is the tens digit of ((-4)/2)/((-12)/390)?
6
Let s = 10 + -6. Suppose 3*x = -5*v + 120, s*v + x = -3*x + 88. What is the units digit of v?
7
Suppose 4*a - 2*u - 182 = 0, 7*a - 4*a + u - 139 = 0. Suppose -3*y - 4*l - a = -6*y, -2*l = y - 2. What is the units digit of y?
0
Let t be 1 + 32 - (6 - 3). Let a be (-89)/(-4) + (-5)/20. Suppose 0 = -4*p + a + t. What is the tens digit of p?
1
Suppose 0 = -4*z + 7*z + 654. Let s = z - -306. Suppose -c + 3*c = -o + 24, 4*o = -4*c + s. What is the units digit of o?
0
Let k(j) = j**3 + 6*j**2 - 3*j - 10. Let b be k(-7). What is the units digit of b/(-2) - (-1 + 2)?
8
Let r(p) = 5*p. Let w be r(1). Let h be (-1 - 8/(-5))*w. Suppose -4*m + h*b = -0*m, 2*m = -b + 10. What is the units digit of m?
3
Suppose 0 = a + 2*y - 66, 4*a + 3*y = 450 - 171. What is the tens digit of a?
7
Let a(w) = -3*w - 6. Let o be a(-5). Suppose 4*c = -x - o + 25, 0 = -3*x. What is the units digit of c?
4
Let g = -26 + 17. Let f(d) = -d**2 - 8*d + 12. Let b be f(g). Let u = 11 - b. What is the units digit of u?
8
Suppose 4*j + c - 54 = 0, -2*j + 2*c = j - 35. What is the tens digit of j?
1
Let s(f) = -f**3 - 2*f**2 - 2*f - 2. Let j be s(-2). Suppose 0 = j*b + 3*h - 3, b - 3*b = 2*h - 8. What is the units digit of b?
9
Suppose -l - 4*n + 24 = -19, -3*l - 4*n = -137. What is the tens digit of l?
4
Let z(q) = q**2 + q - 10. What is the tens digit of z(7)?
4
What is the tens digit of ((-14)/21)/(2/(-9)) - -67?
7
Let g be (-3)/(-2) + (-2)/(-4). Suppose -27 = -b - 4*m + 3, g*b = -4*m + 64. What is the tens digit of b?
3
Let y be 2/(-5) - 22/(-55). Suppose 0 = 2*b - 5*b + 2*i + 48, 4*i - 12 = y. What is the tens digit of b?
1
Let t = 102 + -71. What is the tens digit of t?
3
Suppose 8*f - 3*f + 5 = 0. Let k be f*12/(-3) + 2. Suppose -4*w - 2 = -k. What is the units digit of w?
1
Let k(x) = -4*x**2 - 3*x**2 - x**2 + 4 + 6*x**2 - 4*x. Let n be k(-4). Let u = n - -18. What is the units digit of u?
6
Let o(u) = u**2 + 6*u - 2. Let t be o(-5). Let f(c) = -3*c - 3. Let q be f(4). Let x = t - q. What is the units digit of x?
8
Let s(a) be the first derivative of -a**4/4 + 4*a**3/3 - 3*a**2/2 - 2. Let w be s(2). Suppose 30 = 3*d + w*d. What is the units digit of d?
6
Let k = 0 - 5. Let u = -2 - k. What is the units digit of u?
3
What is the units digit of (-1)/(1*3/(-12))?
4
Let i = 2 - 2. Suppose i = 2*l + l - 3. Suppose 7 = a + l. What is the units digit of a?
6
Suppose -4*o + 28 = 2*d, -5*d + 4*o + 0*o = 0. Let k(t) = t**3 - 3*t**2 - t - 1. What is the units digit of k(d)?
1
Let l(w) = -2*w**2 + 3*w + 4. Let n be l(3). Let r = -8 - n. Let s = r - -6. What is the units digit of s?
3
Let z(p) = 14*p**2 - 4*p - 20. Let a(q) = -5*q**2 + q + 7. Let i(o) = 17*a(o) + 6*z(o). What is the tens digit of i(-3)?
1
Let b(s) = -3*s + 1. Let w be b(-1). Suppose w*y + 6 = 30. What is the units digit of y?
6
Let j be (-10)/15 - (-178)/6. Let i = 16 + j. What is the tens digit of i?
4
Suppose 0 = 2*m + 4*d, -d + 7 = -m + 4*d. Let f be (0 - -1)*15 + m. Suppose 4*a = -o + f, -5*a + 30 = -0*o + 4*o. What is the units digit of o?
5
Let j = -4 - -30. What is the tens digit of (-3)/2*2 + j?
2
What is the units digit of 1/2 + (-249)/(-6)?
2
Let s(b) be the third derivative of -b**6/120 + b**5/12 - b**4/6 + 4*b**2. Let f be s(4). Let d(w) = w + 18. What is the units digit of d(f)?
8
Suppose -2*u = 3*s - 10, 0 = -4*s + u + 3*u. Suppose -v - 3*x - 8 = 0, -4 - s = 2*x. What is the units digit of v?
1
Suppose 7*i = 3*i + 16. Suppose -w + 2 = -3*j + 5, -i*w + 3 = 3*j. Suppose -3*l = -5*b + 14 + 71, w = 5*l. What is the tens digit of b?
1
Suppose -2*f + 7*f = 0. Suppose 80 = -f*v + 4*v. What is the tens digit of v?
2
Suppose -x - 5 + 0 = 5*f, 5*x + f - 23 = 0. Suppose 0*w = x*w - 90. What is the tens digit of w?
1
Let h(s) be the first derivative of -4*s**2 - 4*s + 3. Let r be h(-4). Suppose -v - r = -3*v. What is the units digit of v?
4
Suppose -8*p = -3*p - 20. What is the units digit of (-2)/(p/(-8)*1)?
4
Let k(b) = -17*b + 1. Let m be k(-1). Let t = m + -8. What is the tens digit of t?
1
Let p = -236 - -345. What is the tens digit of p?
0
Let z be (12/(-10))/((-5)/600). What is the units digit of ((-2)/(-3))/(8/z)?
2
Let y(n) be the second derivative of n**5/20 + n**4/3 + n**3/3 - n**2/2 + 2*n. Let w = -18 + 15. What is the units digit of y(w)?
2
Let u be (8/12)/(2/9). Suppose 0 = -u*s + f + 39, s + f = -3*s + 59. What is the units digit of s?
4
Let s(p) = p**3 - p + 25. What is the units digit of s(0)?
5
Suppose -3*v = 21 - 117. Suppose 2*c + 0*c = -3*k + v, -3*c = -12. What is the units digit of k?
8
Suppose 2*u - 2 = 3*u. What is the tens digit of 6/u + 1 + 12?
1
Let m = 6 + -3. Suppose -4*f = -20, -3*w - 30 = -5*f + 1. Let s = m + w. What is the units digit of s?
1
Suppose -4*x + 2*n + 299 = 25, -4*x - n = -271. What is the units digit of x?
8
Let x(o) be the third derivative of o**7/5040 + 7*o**6/720 + o**5/30 - 4*o**2. Let f(d) be the third derivative of x(d). What is the units digit of f(0)?
7
Let r be -3 + 2 + 0 + 4. Let d be -18 + -1*3/r. Let z = d + 33. What is the tens digit of z?
1
Let u = 11 - 6. Suppose u*z - 142 = -4*n, -n + 2*z + 25 + 17 = 0. What is the tens digit of n?
3
Suppose -3*z + 2*z = -43. What is the units digit of z?
3
Suppose 2*s - 5*o = 3*s - 14, 5*s + o - 22 = 0. Suppose -2*q - 50 = -s*q. What is the tens digit of q?
2
Let x = -13 - -31. Let k be (-47)/(-9) - 4/x. Suppose -k*f + 40 = 5*r, -4*r + 2*f + 5 + 3 = 0. What is the units digit of r?
4
Let q(l) be the first derivative of -2 + 8*l - 7/2*l**2 - 1/3*l**3. What is the units digit of q(-7)?
8
Suppose p - g = 2*g - 12, -5*g + 18 = -p. Let o(a) = a + 3. Let j be o(-8). Let c = p - j. What is the units digit of c?
2
What is the tens digit of (-2)/4 + (-235)/20*-10?
1
Suppose -2*u + 16 = -u - 2*k, 2*u + 4*k = 40. Let x = u - -25. What is the tens digit of x?
4
Suppose h - 76 = i, -3*h = -4*i - 145 - 88. What is the units digit of h?
1
Let m = -70 + 93. What is the units digit of m?
3
Suppose -h = -0*h. Let r(p) = p**3 + p**2 - p + 18. What is the units digit of r(h)?
8
Suppose 4*k - 18 = 2*o - 4*o, -4*k - 4*o = -24. What is the units digit of -2 + k/1 - -5?
6
Suppose 10*j = 194 + 106. What is the tens digit of j?
3
Suppose -12*y = -7*y - 175. What is the tens digit of y?
3
Let j(z) = 27*z - 2. What is the hundreds digit of j(6)?
1
Let j(s) = -s**3 - s**2 - 2. Let h = 3 + -3. Let r be j(h). What is the units digit of r/(-8) + (-186)/(-24)?
8
Let k(v) = -v**2 - 2*v + 48. Let q be k(0). Let x = q - 22. What is the units digit of x?
6
Let z be 4/(1 - (-42)/(-45)). Suppose z = 5*r - r. What is the tens digit of r?
1
Suppose 0 = -3*j - 3*r + 347 + 337, -906 = -4*j + 2*r. What is the units digit of j?
7
Let o(j) = j**2 - 2*j + 4. Let q be o(3). Let g(d) = d**2